{"id":233,"date":"2020-11-27T18:22:56","date_gmt":"2020-11-27T18:22:56","guid":{"rendered":"https:\/\/skialpgsb.gulliver.it\/es\/es\/scala-difficolta\/"},"modified":"2021-03-10T18:02:23","modified_gmt":"2021-03-10T18:02:23","slug":"scala-difficolta","status":"publish","type":"page","link":"https:\/\/skialpgsb.gulliver.it\/es\/skialpgsb\/scala-difficolta\/","title":{"rendered":"Escala de dificultad"},"content":{"rendered":"<h1><a href=\"https:\/\/skialpgsb.gulliver.it\/es\/sci-alpinismo\/\"><img decoding=\"async\" loading=\"lazy\" class=\"alignnone size-full wp-image-523427 aligncenter\" src=\"https:\/\/skialpgsb.gulliver.it\/es\/hub\/wp-content\/uploads\/2020\/07\/Positiveskimo@2x.png\" alt=\"\" width=\"185\" height=\"185\" \/><\/a><\/h1>\n<h1 style=\"text-align: center;\"><strong>Esqu\u00ed de traves\u00eda<\/strong><\/h1>\n<h3><strong>Escala de dificultad Blachere\u00a0<\/strong><\/h3>\n<table class=\"table table-hover table-condensed\" border=\"1\">\n<tbody>\n<tr>\n<td><strong>MS<\/strong><\/td>\n<td><span style=\"font-weight: 400;\">Esquiador medio<\/span><\/td>\n<\/tr>\n<tr>\n<td><strong>BS<\/strong><\/td>\n<td><span style=\"font-weight: 400;\">Buen esquiador<\/span><\/td>\n<\/tr>\n<tr>\n<td><strong>OS<\/strong><\/td>\n<td><span style=\"font-weight: 400;\">Muy buen esquiador<\/span><\/td>\n<\/tr>\n<tr>\n<td><strong>MSA<\/strong><\/td>\n<td><span style=\"font-weight: 400;\">Esquiador medio alpinista<\/span><\/td>\n<\/tr>\n<tr>\n<td><strong>BSA<\/strong><\/td>\n<td><span style=\"font-weight: 400;\">Buen esquiador alpinista<\/span><\/td>\n<\/tr>\n<tr>\n<td><strong>OSA<\/strong><\/td>\n<td><span style=\"font-weight: 400;\">Muy buen esquiador alpinista<\/span><\/td>\n<\/tr>\n<\/tbody>\n<\/table>\n<p><span style=\"font-weight: 400;\">En esta escala se a\u00f1ade la letra A de Alpinista cuando el recorrido presenta dificultades de car\u00e1cter alpin\u00edstico que normalmente requieren material adecuado para ser realizadas.<\/span><\/p>\n<p><span style=\"font-weight: 400;\">En este caso, en relaci\u00f3n con las escalas de dificultad alpin\u00edsticas: F-f\u00e1cil, PD- Poco dif\u00edcil, AD algo dif\u00edcil, D-dif\u00edcil, se podr\u00e1 especificar el grado de dificultad alpin\u00edstica.<\/span><\/p>\n","protected":false},"excerpt":{"rendered":"<p>Esqu\u00ed de traves\u00eda Escala de dificultad Blachere\u00a0 MS Esquiador medio BS Buen esquiador OS Muy buen esquiador MSA Esquiador medio alpinista BSA Buen esquiador alpinista OSA Muy buen esquiador alpinista En esta escala se a\u00f1ade la letra A de Alpinista cuando el recorrido presenta dificultades de car\u00e1cter alpin\u00edstico que normalmente requieren material adecuado para ser [&hellip;]<\/p>\n","protected":false},"author":6,"featured_media":0,"parent":0,"menu_order":0,"comment_status":"closed","ping_status":"closed","template":"templates\/page\/standard-template.php","meta":[],"partner":[32],"acf":[],"yoast_head":"<!-- This site is optimized with the Yoast SEO plugin v18.4.1 - https:\/\/yoast.com\/wordpress\/plugins\/seo\/ -->\n<title>Escala de dificultad - Gulliver | Hub<\/title>\n<meta name=\"robots\" content=\"index, follow, max-snippet:-1, max-image-preview:large, max-video-preview:-1\" \/>\n<link rel=\"canonical\" href=\"https:\/\/skialpgsb.gulliver.it\/es\/es\/skialpgsb\/scala-difficolta\/\" \/>\n<meta property=\"og:locale\" content=\"es_ES\" \/>\n<meta property=\"og:type\" content=\"article\" \/>\n<meta property=\"og:title\" content=\"Escala de dificultad - Gulliver | Hub\" \/>\n<meta property=\"og:description\" content=\"Esqu\u00ed de traves\u00eda Escala de dificultad Blachere\u00a0 MS Esquiador medio BS Buen esquiador OS Muy buen esquiador MSA Esquiador medio alpinista BSA Buen esquiador alpinista OSA Muy buen esquiador alpinista En esta escala se a\u00f1ade la letra A de Alpinista cuando el recorrido presenta dificultades de car\u00e1cter alpin\u00edstico que normalmente requieren material adecuado para ser [&hellip;]\" \/>\n<meta property=\"og:url\" content=\"https:\/\/skialpgsb.gulliver.it\/es\/es\/skialpgsb\/scala-difficolta\/\" \/>\n<meta property=\"og:site_name\" content=\"Gulliver | Hub\" \/>\n<meta property=\"article:modified_time\" content=\"2021-03-10T18:02:23+00:00\" \/>\n<meta property=\"og:image\" content=\"https:\/\/skialpgsb.gulliver.it\/es\/hub\/wp-content\/uploads\/2020\/07\/Positiveskimo@2x.png\" \/>\n<meta name=\"twitter:card\" content=\"summary_large_image\" \/>\n<script type=\"application\/ld+json\" class=\"yoast-schema-graph\">{\"@context\":\"https:\/\/schema.org\",\"@graph\":[{\"@type\":\"WebSite\",\"@id\":\"https:\/\/skialpgsb.gulliver.it\/es\/es\/skialpgsb\/#website\",\"url\":\"https:\/\/skialpgsb.gulliver.it\/es\/es\/skialpgsb\/\",\"name\":\"Gulliver | Hub\",\"description\":\"\",\"potentialAction\":[{\"@type\":\"SearchAction\",\"target\":{\"@type\":\"EntryPoint\",\"urlTemplate\":\"https:\/\/skialpgsb.gulliver.it\/es\/es\/skialpgsb\/?s={search_term_string}\"},\"query-input\":\"required name=search_term_string\"}],\"inLanguage\":\"es\"},{\"@type\":\"ImageObject\",\"@id\":\"https:\/\/skialpgsb.gulliver.it\/es\/es\/skialpgsb\/scala-difficolta\/#primaryimage\",\"inLanguage\":\"es\",\"url\":\"https:\/\/skialpgsb.gulliver.it\/es\/hub\/wp-content\/uploads\/2020\/07\/Positiveskimo@2x.png\",\"contentUrl\":\"https:\/\/skialpgsb.gulliver.it\/es\/hub\/wp-content\/uploads\/2020\/07\/Positiveskimo@2x.png\"},{\"@type\":\"WebPage\",\"@id\":\"https:\/\/skialpgsb.gulliver.it\/es\/es\/skialpgsb\/scala-difficolta\/#webpage\",\"url\":\"https:\/\/skialpgsb.gulliver.it\/es\/es\/skialpgsb\/scala-difficolta\/\",\"name\":\"Escala de dificultad - Gulliver | Hub\",\"isPartOf\":{\"@id\":\"https:\/\/skialpgsb.gulliver.it\/es\/es\/skialpgsb\/#website\"},\"primaryImageOfPage\":{\"@id\":\"https:\/\/skialpgsb.gulliver.it\/es\/es\/skialpgsb\/scala-difficolta\/#primaryimage\"},\"datePublished\":\"2020-11-27T18:22:56+00:00\",\"dateModified\":\"2021-03-10T18:02:23+00:00\",\"breadcrumb\":{\"@id\":\"https:\/\/skialpgsb.gulliver.it\/es\/es\/skialpgsb\/scala-difficolta\/#breadcrumb\"},\"inLanguage\":\"es\",\"potentialAction\":[{\"@type\":\"ReadAction\",\"target\":[\"https:\/\/skialpgsb.gulliver.it\/es\/es\/skialpgsb\/scala-difficolta\/\"]}]},{\"@type\":\"BreadcrumbList\",\"@id\":\"https:\/\/skialpgsb.gulliver.it\/es\/es\/skialpgsb\/scala-difficolta\/#breadcrumb\",\"itemListElement\":[{\"@type\":\"ListItem\",\"position\":1,\"name\":\"Home\",\"item\":\"https:\/\/skialpgsb.gulliver.it\/es\/es\/skialpgsb\/\"},{\"@type\":\"ListItem\",\"position\":2,\"name\":\"Escala de dificultad\"}]}]}<\/script>\n<!-- \/ Yoast SEO plugin. -->","yoast_head_json":{"title":"Escala de dificultad - Gulliver | Hub","robots":{"index":"index","follow":"follow","max-snippet":"max-snippet:-1","max-image-preview":"max-image-preview:large","max-video-preview":"max-video-preview:-1"},"canonical":"https:\/\/skialpgsb.gulliver.it\/es\/es\/skialpgsb\/scala-difficolta\/","og_locale":"es_ES","og_type":"article","og_title":"Escala de dificultad - Gulliver | Hub","og_description":"Esqu\u00ed de traves\u00eda Escala de dificultad Blachere\u00a0 MS Esquiador medio BS Buen esquiador OS Muy buen esquiador MSA Esquiador medio alpinista BSA Buen esquiador alpinista OSA Muy buen esquiador alpinista En esta escala se a\u00f1ade la letra A de Alpinista cuando el recorrido presenta dificultades de car\u00e1cter alpin\u00edstico que normalmente requieren material adecuado para ser [&hellip;]","og_url":"https:\/\/skialpgsb.gulliver.it\/es\/es\/skialpgsb\/scala-difficolta\/","og_site_name":"Gulliver | Hub","article_modified_time":"2021-03-10T18:02:23+00:00","og_image":[{"url":"https:\/\/skialpgsb.gulliver.it\/es\/hub\/wp-content\/uploads\/2020\/07\/Positiveskimo@2x.png"}],"twitter_card":"summary_large_image","schema":{"@context":"https:\/\/schema.org","@graph":[{"@type":"WebSite","@id":"https:\/\/skialpgsb.gulliver.it\/es\/es\/skialpgsb\/#website","url":"https:\/\/skialpgsb.gulliver.it\/es\/es\/skialpgsb\/","name":"Gulliver | Hub","description":"","potentialAction":[{"@type":"SearchAction","target":{"@type":"EntryPoint","urlTemplate":"https:\/\/skialpgsb.gulliver.it\/es\/es\/skialpgsb\/?s={search_term_string}"},"query-input":"required name=search_term_string"}],"inLanguage":"es"},{"@type":"ImageObject","@id":"https:\/\/skialpgsb.gulliver.it\/es\/es\/skialpgsb\/scala-difficolta\/#primaryimage","inLanguage":"es","url":"https:\/\/skialpgsb.gulliver.it\/es\/hub\/wp-content\/uploads\/2020\/07\/Positiveskimo@2x.png","contentUrl":"https:\/\/skialpgsb.gulliver.it\/es\/hub\/wp-content\/uploads\/2020\/07\/Positiveskimo@2x.png"},{"@type":"WebPage","@id":"https:\/\/skialpgsb.gulliver.it\/es\/es\/skialpgsb\/scala-difficolta\/#webpage","url":"https:\/\/skialpgsb.gulliver.it\/es\/es\/skialpgsb\/scala-difficolta\/","name":"Escala de dificultad - Gulliver | Hub","isPartOf":{"@id":"https:\/\/skialpgsb.gulliver.it\/es\/es\/skialpgsb\/#website"},"primaryImageOfPage":{"@id":"https:\/\/skialpgsb.gulliver.it\/es\/es\/skialpgsb\/scala-difficolta\/#primaryimage"},"datePublished":"2020-11-27T18:22:56+00:00","dateModified":"2021-03-10T18:02:23+00:00","breadcrumb":{"@id":"https:\/\/skialpgsb.gulliver.it\/es\/es\/skialpgsb\/scala-difficolta\/#breadcrumb"},"inLanguage":"es","potentialAction":[{"@type":"ReadAction","target":["https:\/\/skialpgsb.gulliver.it\/es\/es\/skialpgsb\/scala-difficolta\/"]}]},{"@type":"BreadcrumbList","@id":"https:\/\/skialpgsb.gulliver.it\/es\/es\/skialpgsb\/scala-difficolta\/#breadcrumb","itemListElement":[{"@type":"ListItem","position":1,"name":"Home","item":"https:\/\/skialpgsb.gulliver.it\/es\/es\/skialpgsb\/"},{"@type":"ListItem","position":2,"name":"Escala de dificultad"}]}]}},"_links":{"self":[{"href":"https:\/\/skialpgsb.gulliver.it\/es\/skialpgsb\/wp-json\/wp\/v2\/pages\/233"}],"collection":[{"href":"https:\/\/skialpgsb.gulliver.it\/es\/skialpgsb\/wp-json\/wp\/v2\/pages"}],"about":[{"href":"https:\/\/skialpgsb.gulliver.it\/es\/skialpgsb\/wp-json\/wp\/v2\/types\/page"}],"author":[{"embeddable":true,"href":"https:\/\/skialpgsb.gulliver.it\/es\/skialpgsb\/wp-json\/wp\/v2\/users\/6"}],"replies":[{"embeddable":true,"href":"https:\/\/skialpgsb.gulliver.it\/es\/skialpgsb\/wp-json\/wp\/v2\/comments?post=233"}],"version-history":[{"count":3,"href":"https:\/\/skialpgsb.gulliver.it\/es\/skialpgsb\/wp-json\/wp\/v2\/pages\/233\/revisions"}],"predecessor-version":[{"id":327,"href":"https:\/\/skialpgsb.gulliver.it\/es\/skialpgsb\/wp-json\/wp\/v2\/pages\/233\/revisions\/327"}],"wp:attachment":[{"href":"https:\/\/skialpgsb.gulliver.it\/es\/skialpgsb\/wp-json\/wp\/v2\/media?parent=233"}],"wp:term":[{"taxonomy":"partner","embeddable":true,"href":"https:\/\/skialpgsb.gulliver.it\/es\/skialpgsb\/wp-json\/wp\/v2\/partner?post=233"}],"curies":[{"name":"wp","href":"https:\/\/api.w.org\/{rel}","templated":true}]}}